{"id":556,"date":"2018-03-31T14:42:16","date_gmt":"2018-03-31T14:42:16","guid":{"rendered":"http:\/\/www.pipandco.es\/?page_id=556"},"modified":"2025-03-29T13:06:47","modified_gmt":"2025-03-29T12:06:47","slug":"condiciones-y-envio","status":"publish","type":"page","link":"https:\/\/www.pipandco.es\/inicio\/condiciones-y-envio","title":{"rendered":"T\u00e9rminos y Condiciones de venta"},"content":{"rendered":"\t\t<div data-elementor-type=\"wp-page\" data-elementor-id=\"556\" class=\"elementor elementor-556\">\n\t\t\t\t\t\t<section class=\"elementor-section elementor-top-section elementor-element elementor-element-78045623 elementor-section-boxed elementor-section-height-default elementor-section-height-default\" data-id=\"78045623\" data-element_type=\"section\" data-e-type=\"section\">\n\t\t\t\t\t\t<div class=\"elementor-container elementor-column-gap-default\">\n\t\t\t\t\t<div class=\"elementor-column elementor-col-100 elementor-top-column elementor-element elementor-element-378eba5f\" data-id=\"378eba5f\" data-element_type=\"column\" data-e-type=\"column\">\n\t\t\t<div class=\"elementor-widget-wrap elementor-element-populated\">\n\t\t\t\t\t\t<div class=\"elementor-element elementor-element-c91ba82 elementor-widget elementor-widget-text-editor\" data-id=\"c91ba82\" data-element_type=\"widget\" data-e-type=\"widget\" data-widget_type=\"text-editor.default\">\n\t\t\t\t<div class=\"elementor-widget-container\">\n\t\t\t\t\t\t\t\t\t<p>Todos los precios indicados en la web<b> incluyen IVA.<\/b><\/p>\n<p>Los plazos de entrega est\u00e1n indicados en la descripci\u00f3n de todos los productos. Es importante que se consulten antes de realizar la compra. En caso de que el pedido contenga varios art\u00edculos el env\u00edo se realizar\u00e1 cuando est\u00e9 todo el pedido completado.&nbsp;<\/p>\n<p>El env\u00edo se realizar\u00e1 a trav\u00e9s de agencia de transporte GLS.&nbsp;El dia que enviemos su pedido (entorno a la fecha de entrega indicada en la descripci\u00f3n el producto que ha adquirido) recibir\u00e1 un email de GLS con el n\u00famero de env\u00edos y el numero de seguimiento. &nbsp;<\/p>\n<p>Los costes son de<b> 5 \u20ac a Pen\u00ednsula 6 a Baleares &nbsp;y 9\u20ac a las Islas Canarias, Ceuta y Melilla, otros destinos consultar<\/b>.<\/p>\n<p>Por compras<b> superiores a 100\u20ac<\/b> los gastos de <b>env\u00edo son gratuitos.<\/b><\/p>\n<h3>Pol\u00edtica de devoluciones<\/h3>\n<p>Se admiten cambios de talla y\/o devoluciones en un<b>&nbsp;plazo m\u00e1ximo de 15&nbsp;d\u00edas naturales<\/b> desde que recibe el pedido en su domicilio, asumiendo el cliente los&nbsp;gastos de env\u00edo de la devoluci\u00f3n y posterior entrega si es cambio de talla. En caso de devoluci\u00f3n de una prenda, se abonar\u00e1 el importe en &nbsp;la misma forma de pago una vez recibido el art\u00edculo y comprobado que su estado sea el adecuado (excepto productos de preventa, articulos fin de serie o complementos, sujetos a condiciones especiales).&nbsp;<\/p>\n<p>Las prendas devueltas deben llegar embaladas y dobladas correctamente y en perfecto estado, cualquier manipulaci\u00f3n, defecto o da\u00f1o por uso, conllevar\u00e1 la anulaci\u00f3n de la devoluci\u00f3n debiendo ser el cliente quien se haga cargo de los gastos de retorno de la prenda.&nbsp;<\/p>\n<p>En los casos en los que el importe del pedido resultante al realizar la devoluci\u00f3n no supere los 100\u20ac, se descontar\u00e1 del importe a devolver los 5\u20ac bonificados del envio del pedido inicial.<\/p>\n<p>No se admitir\u00e1 ning\u00fan cambio pasado el plazo establecido.&nbsp;<\/p>\n<p><span style=\"color: #ff0000;\">Los art\u00edculos de preventa no admiten devoluci\u00f3n<\/span>, (cambios de talla si) ya que se confeccionan a petici\u00f3n expresa del cliente y seg\u00fan las especificaciones de talla, color, largo, etc, indicadas por el mismo.<\/p>\n<p><span style=\"color: #ff0000;\">Las devoluciones de los art\u00edculos de \u201cdescuentos fin de serie\u201d se realizar\u00e1n a trav\u00e9s de un vale de tienda<\/span>, sin caducidad y v\u00e1lido para la compra de &nbsp;cualquier producto.<\/p>\n<p>Los articulos de la secci\u00f3n <span style=\"color: #ff0000;\">Complementos no admiten devoluci\u00f3n<\/span><\/p>\n<p>Para tramitar la devoluci\u00f3n el cliente deber\u00e1 enviar un correo electr\u00f3nico a <strong>devoluciones@pipandco.es<\/strong> indicando el numero de pedido. Una vez recibida la solicitud, nos pondremos en contacto en el plazo de 24-48h &nbsp;para indicarle los pasos a seguir para completar la devoluci\u00f3n.&nbsp;<\/p>\n<p>Una vez recibido el articulo, y comprobado que su estado cumple con los requisitos establecidos en la pol\u00edtica de devoluciones, se autoriza el abono pudiendo tardar este hasta 14 d\u00edas naturales.&nbsp;<\/p>\n<p>Cualquier incumplimiento de la pol\u00edtica de devoluciones podr\u00e1 conllevar el rechazo de la misma. Debiendo asumir el cliente el coste del retorno de los art\u00edculos.&nbsp;<\/p>\n<p>.&nbsp;<\/p>\n<h3>&nbsp;<\/h3>\n<h3>Aviso legal y pol\u00edtica de privacidad<\/h3>\n<p>Este sitio web ha sido creado por la empresa Pipa&nbsp;&amp;&nbsp;Company con denominaci\u00f3n&nbsp;social:&nbsp;Pipa and Company C.B.&nbsp;&nbsp;<b>N\u00famero de identificaci\u00f3n fiscal:&nbsp;<\/b>E27854199<\/p>\n<p>&nbsp;<b>Domicilio social:<\/b>&nbsp;Urbanizaci\u00f3n San Eleuterio Bajos Local 4&nbsp;36416 Tameiga &#8211; Mos&nbsp;&#8211;&nbsp;Pontevedra<\/p>\n<p>&nbsp;<b>Correo electr\u00f3nico:<\/b>&nbsp;<span style=\"color: #000000;\"><a style=\"color: #000000;\" href=\"mailto:info@pipandco.es\">info@pipandco.es<\/a><\/span><\/p>\n<p>A trav\u00e9s de este Aviso Legal, se pretende regular el acceso y uso de este sitio web,&nbsp;as\u00ed como la relaci\u00f3n entre el sitio web y sus usuarios.<\/p>\n<p>El acceso y la navegaci\u00f3n en este sitio web supone aceptar y conocer&nbsp;las advertencias legales,&nbsp;condiciones y t\u00e9rminos de uso contenidas en ella.&nbsp;&nbsp;El titular del sitio web puede ofrecer servicios o productos&nbsp;que podr\u00e1n encontrarse sometidos&nbsp;a unas condiciones particulares propias que, seg\u00fan los casos, sustituyan,&nbsp;completen y\/o modifiquen las presentes condiciones, y sobre las cuales&nbsp;se informar\u00e1 al usuario&nbsp;en cada caso concreto.<\/p>\n<p>En cumplimiento del art\u00edculo 10 de la Ley 34\/2002, del 11 de julio,&nbsp;de servicios de la Sociedad de la Informaci\u00f3n&nbsp;y Comercio Electr\u00f3nico (LSSICE)&nbsp;se exponen a continuaci\u00f3n los datos identificativos de la empresa.<\/p>\n<p>Denominaci\u00f3n social:&nbsp;Pipa and Company C.B.&nbsp;&nbsp;<br>N\u00famero de identificaci\u00f3n fiscal:&nbsp;E27854199<\/p>\n<p>Domicilio social:&nbsp;Urbanizaci\u00f3n&nbsp;San&nbsp;Eleuterio&nbsp;Bloque&nbsp;C1,&nbsp;Bajos&nbsp;4&nbsp;&#8211;&nbsp;&nbsp;Pontevedra<\/p>\n<p>Correo electr\u00f3nico:&nbsp;<a href=\"mailto:info@pipandco.es\">info@pipandco.es<\/a><\/p>\n<div>&nbsp;<\/div>\n<p><!-- \/wp:image --><\/p>\t\t\t\t\t\t\t\t<\/div>\n\t\t\t\t<\/div>\n\t\t\t\t\t<\/div>\n\t\t<\/div>\n\t\t\t\t\t<\/div>\n\t\t<\/section>\n\t\t\t\t<\/div>\n\t\t","protected":false},"excerpt":{"rendered":"<p>Todos los precios indicados en la web incluyen IVA. Los plazos de entrega est\u00e1n indicados en la descripci\u00f3n de todos los productos. Es importante que se consulten antes de realizar la compra. En caso de que el pedido contenga varios art\u00edculos el env\u00edo se realizar\u00e1 cuando est\u00e9 todo el pedido completado.&nbsp; El env\u00edo se realizar\u00e1 [&hellip;]<\/p>\n","protected":false},"author":1,"featured_media":0,"parent":0,"menu_order":0,"comment_status":"closed","ping_status":"closed","template":"","meta":{"_themeisle_gutenberg_block_has_review":false,"footnotes":""},"class_list":["post-556","page","type-page","status-publish","hentry"],"_links":{"self":[{"href":"https:\/\/www.pipandco.es\/inicio\/wp-json\/wp\/v2\/pages\/556","targetHints":{"allow":["GET"]}}],"collection":[{"href":"https:\/\/www.pipandco.es\/inicio\/wp-json\/wp\/v2\/pages"}],"about":[{"href":"https:\/\/www.pipandco.es\/inicio\/wp-json\/wp\/v2\/types\/page"}],"author":[{"embeddable":true,"href":"https:\/\/www.pipandco.es\/inicio\/wp-json\/wp\/v2\/users\/1"}],"replies":[{"embeddable":true,"href":"https:\/\/www.pipandco.es\/inicio\/wp-json\/wp\/v2\/comments?post=556"}],"version-history":[{"count":45,"href":"https:\/\/www.pipandco.es\/inicio\/wp-json\/wp\/v2\/pages\/556\/revisions"}],"predecessor-version":[{"id":37587,"href":"https:\/\/www.pipandco.es\/inicio\/wp-json\/wp\/v2\/pages\/556\/revisions\/37587"}],"wp:attachment":[{"href":"https:\/\/www.pipandco.es\/inicio\/wp-json\/wp\/v2\/media?parent=556"}],"curies":[{"name":"wp","href":"https:\/\/api.w.org\/{rel}","templated":true}]}}