{"id":24650,"date":"2024-06-09T15:05:30","date_gmt":"2024-06-09T14:05:30","guid":{"rendered":"https:\/\/www.pipandco.es\/inicio\/?post_type=product&#038;p=24650"},"modified":"2026-04-16T19:47:18","modified_gmt":"2026-04-16T18:47:18","slug":"vestido-felicia","status":"publish","type":"product","link":"https:\/\/www.pipandco.es\/inicio\/producto\/vestido-felicia","title":{"rendered":"Vestido Felicia"},"content":{"rendered":"<p style=\"padding-left: 40px; text-align: left;\">Env\u00edo inmediato (48-72h)<\/p>\n<p><span style=\"color: #ff0000;\">Los abonos de los art\u00edculos de outlet se realizar\u00e1n exclusivamente mediante\u00a8vale de compra\u00a8<\/span><\/p>\n<p>Vestido largo cuadros beige\/ negro. Escote redondo ajustable con bies de tela. Manga ranglan con volumen, largo 3\/4, termina con goma que recoge frunce. Falda con volumen que ajusta a ambos lados de la cintura con bies de tela. El tejido transparenta ligeramente (no lleva forro)<\/p>\n<p>Composici\u00f3n: 75% Algod\u00f3n \u00a024% Lino 1% Elastano<\/p>\n<p>Talla m\u00e1s bien amplio, en caso de duda entre dos tallas, aconsejamos la menor.<\/p>\n<p>Talla XS ( 34-36), S ( 36-38), Talla M (38-40), Talla L(40-42), Talla XL (42-44)<\/p>\n<p>&nbsp;<\/p>\n<p>&nbsp;<\/p>\n","protected":false},"excerpt":{"rendered":"<p>Env\u00edo inmediato (48-72h) Los abonos de los art\u00edculos de outlet se realizar\u00e1n exclusivamente mediante\u00a8vale de compra\u00a8 Vestido largo cuadros beige\/ negro. Escote redondo ajustable con bies de tela. Manga ranglan con volumen, largo 3\/4, termina con goma que recoge frunce. Falda con volumen que ajusta a ambos lados de la cintura con bies de tela. [&hellip;]<\/p>\n","protected":false},"featured_media":24660,"comment_status":"open","ping_status":"closed","template":"","meta":{"_themeisle_gutenberg_block_has_review":false},"product_brand":[],"product_cat":[312,210],"product_tag":[],"giftcard-category":[],"class_list":{"0":"post-24650","1":"product","2":"type-product","3":"status-publish","4":"has-post-thumbnail","6":"product_cat-descuentos-fin-de-serie","7":"product_cat-mum","9":"first","10":"instock","11":"sale","12":"taxable","13":"shipping-taxable","14":"purchasable","15":"product-type-variable"},"_links":{"self":[{"href":"https:\/\/www.pipandco.es\/inicio\/wp-json\/wp\/v2\/product\/24650","targetHints":{"allow":["GET"]}}],"collection":[{"href":"https:\/\/www.pipandco.es\/inicio\/wp-json\/wp\/v2\/product"}],"about":[{"href":"https:\/\/www.pipandco.es\/inicio\/wp-json\/wp\/v2\/types\/product"}],"replies":[{"embeddable":true,"href":"https:\/\/www.pipandco.es\/inicio\/wp-json\/wp\/v2\/comments?post=24650"}],"version-history":[{"count":7,"href":"https:\/\/www.pipandco.es\/inicio\/wp-json\/wp\/v2\/product\/24650\/revisions"}],"predecessor-version":[{"id":43830,"href":"https:\/\/www.pipandco.es\/inicio\/wp-json\/wp\/v2\/product\/24650\/revisions\/43830"}],"wp:featuredmedia":[{"embeddable":true,"href":"https:\/\/www.pipandco.es\/inicio\/wp-json\/wp\/v2\/media\/24660"}],"wp:attachment":[{"href":"https:\/\/www.pipandco.es\/inicio\/wp-json\/wp\/v2\/media?parent=24650"}],"wp:term":[{"taxonomy":"product_brand","embeddable":true,"href":"https:\/\/www.pipandco.es\/inicio\/wp-json\/wp\/v2\/product_brand?post=24650"},{"taxonomy":"product_cat","embeddable":true,"href":"https:\/\/www.pipandco.es\/inicio\/wp-json\/wp\/v2\/product_cat?post=24650"},{"taxonomy":"product_tag","embeddable":true,"href":"https:\/\/www.pipandco.es\/inicio\/wp-json\/wp\/v2\/product_tag?post=24650"},{"taxonomy":"giftcard-category","embeddable":true,"href":"https:\/\/www.pipandco.es\/inicio\/wp-json\/wp\/v2\/giftcard-category?post=24650"}],"curies":[{"name":"wp","href":"https:\/\/api.w.org\/{rel}","templated":true}]}}