{"id":30243,"date":"2024-03-18T17:43:00","date_gmt":"2024-03-18T17:43:00","guid":{"rendered":"https:\/\/www.pipandco.es\/inicio\/?post_type=product&#038;p=30243"},"modified":"2026-04-23T22:19:16","modified_gmt":"2026-04-23T21:19:16","slug":"sudadera-carmela-gris-raya-ancha","status":"publish","type":"product","link":"https:\/\/www.pipandco.es\/inicio\/producto\/sudadera-carmela-gris-raya-ancha","title":{"rendered":"Sudadera Carmela Gris (raya ancha)"},"content":{"rendered":"","protected":false},"excerpt":{"rendered":"<p>Env\u00edo inmediato ( 48-72h)<\/p>\n<p><span style=\"color: #ff0000;\">Los abonos de las devoluciones de los art\u00edculos de \u00a0\u201cdescuentos fin de serie\u201d se realizar\u00e1n exclusivamente mediante vale de compra ( sin caducidad y v\u00e1lido para la compra de cualquier art\u00edculo de web)<\/span><\/p>\n<p>Sudadera entretiempo color gris con raya blanca. Tejido french terry . Escote barco, corte oversize, hombro ca\u00eddo con tapeta y botones plateados.<\/p>\n<p>Talla amplia por corte oversize. En caso de duda entre dos tallas, aconsejamos la menor.<\/p>\n<p>Composici\u00f3n: 95%Algod\u00f3n 5% Elastano<\/p>\n<p>Disponible en tallas:<\/p>\n<p>XS (34-36), S (36-38), M (38-40), L (40-42), \u00a0XL (42-44)<\/p>\n","protected":false},"featured_media":30324,"comment_status":"open","ping_status":"closed","template":"","meta":{"_themeisle_gutenberg_block_has_review":false},"product_brand":[],"product_cat":[312,210],"product_tag":[],"giftcard-category":[],"class_list":{"0":"post-30243","1":"product","2":"type-product","3":"status-publish","4":"has-post-thumbnail","6":"product_cat-descuentos-fin-de-serie","7":"product_cat-mum","9":"first","10":"instock","11":"sale","12":"taxable","13":"shipping-taxable","14":"purchasable","15":"product-type-variable"},"_links":{"self":[{"href":"https:\/\/www.pipandco.es\/inicio\/wp-json\/wp\/v2\/product\/30243","targetHints":{"allow":["GET"]}}],"collection":[{"href":"https:\/\/www.pipandco.es\/inicio\/wp-json\/wp\/v2\/product"}],"about":[{"href":"https:\/\/www.pipandco.es\/inicio\/wp-json\/wp\/v2\/types\/product"}],"replies":[{"embeddable":true,"href":"https:\/\/www.pipandco.es\/inicio\/wp-json\/wp\/v2\/comments?post=30243"}],"version-history":[{"count":4,"href":"https:\/\/www.pipandco.es\/inicio\/wp-json\/wp\/v2\/product\/30243\/revisions"}],"predecessor-version":[{"id":43817,"href":"https:\/\/www.pipandco.es\/inicio\/wp-json\/wp\/v2\/product\/30243\/revisions\/43817"}],"wp:featuredmedia":[{"embeddable":true,"href":"https:\/\/www.pipandco.es\/inicio\/wp-json\/wp\/v2\/media\/30324"}],"wp:attachment":[{"href":"https:\/\/www.pipandco.es\/inicio\/wp-json\/wp\/v2\/media?parent=30243"}],"wp:term":[{"taxonomy":"product_brand","embeddable":true,"href":"https:\/\/www.pipandco.es\/inicio\/wp-json\/wp\/v2\/product_brand?post=30243"},{"taxonomy":"product_cat","embeddable":true,"href":"https:\/\/www.pipandco.es\/inicio\/wp-json\/wp\/v2\/product_cat?post=30243"},{"taxonomy":"product_tag","embeddable":true,"href":"https:\/\/www.pipandco.es\/inicio\/wp-json\/wp\/v2\/product_tag?post=30243"},{"taxonomy":"giftcard-category","embeddable":true,"href":"https:\/\/www.pipandco.es\/inicio\/wp-json\/wp\/v2\/giftcard-category?post=30243"}],"curies":[{"name":"wp","href":"https:\/\/api.w.org\/{rel}","templated":true}]}}