{"id":40221,"date":"2025-08-27T22:47:46","date_gmt":"2025-08-27T21:47:46","guid":{"rendered":"https:\/\/www.pipandco.es\/inicio\/?post_type=product&#038;p=40221"},"modified":"2025-09-03T22:59:50","modified_gmt":"2025-09-03T21:59:50","slug":"gabardina-gadea-marino-prev-29-sept-3-oct","status":"publish","type":"product","link":"https:\/\/www.pipandco.es\/inicio\/producto\/gabardina-gadea-marino-prev-29-sept-3-oct","title":{"rendered":"Gabardina Gadea marino (prev. 27 Sept\/3 Oct)"},"content":{"rendered":"","protected":false},"excerpt":{"rendered":"<p>Producto en preventa (abierta hasta Lunes 2 de Septiembre o alcanzar el n\u00famero m\u00e1ximo de pedidos)<\/p>\n<p>Fecha de entrega aproximada \u00a029 Septiembre\/2 Octubre<\/p>\n<p>Preventa sujeta a condiciones de venta especiales:<\/p>\n<p><span style=\"color: #ff0000;\">Las devoluciones de los art\u00edculos de esta preventa se abonar\u00e1n exclusivamente mediante vale de compra ( sin caducidad y v\u00e1lido para la compra de cualquier art\u00edculo de web)<\/span><\/p>\n<p>Gabardina azul marino , corte recto, cuello camisero . Botonadura simple, bolsillos con tapeta , charreteras en hombros, trabillas en mangas, capacete delantero y espalda, cintur\u00f3n. Amplia abertura trasera. Forro interior en rayas azules.<\/p>\n<p>Composici\u00f3n: 100% Algod\u00f3n (no impermeable)<\/p>\n<p>Forro : Viscosa\/Acetato<\/p>\n<p>Talla normal, aconsejamos talla habitual en nuestras prendas exteriores (en fotos talla XS).En caso de duda entre dos tallas, aconsejamos la menor.<\/p>\n<p>Talla XS(34-36), S (36-38),M(40),L(42), XL (44)<\/p>\n","protected":false},"featured_media":40241,"comment_status":"open","ping_status":"closed","template":"","meta":{"_themeisle_gutenberg_block_has_review":false},"product_brand":[],"product_cat":[225,210],"product_tag":[],"giftcard-category":[],"class_list":{"0":"post-40221","1":"product","2":"type-product","3":"status-publish","4":"has-post-thumbnail","6":"product_cat-abrigos","7":"product_cat-mum","9":"first","10":"instock","11":"taxable","12":"shipping-taxable","13":"purchasable","14":"product-type-variable"},"_links":{"self":[{"href":"https:\/\/www.pipandco.es\/inicio\/wp-json\/wp\/v2\/product\/40221","targetHints":{"allow":["GET"]}}],"collection":[{"href":"https:\/\/www.pipandco.es\/inicio\/wp-json\/wp\/v2\/product"}],"about":[{"href":"https:\/\/www.pipandco.es\/inicio\/wp-json\/wp\/v2\/types\/product"}],"replies":[{"embeddable":true,"href":"https:\/\/www.pipandco.es\/inicio\/wp-json\/wp\/v2\/comments?post=40221"}],"version-history":[{"count":4,"href":"https:\/\/www.pipandco.es\/inicio\/wp-json\/wp\/v2\/product\/40221\/revisions"}],"predecessor-version":[{"id":40229,"href":"https:\/\/www.pipandco.es\/inicio\/wp-json\/wp\/v2\/product\/40221\/revisions\/40229"}],"wp:featuredmedia":[{"embeddable":true,"href":"https:\/\/www.pipandco.es\/inicio\/wp-json\/wp\/v2\/media\/40241"}],"wp:attachment":[{"href":"https:\/\/www.pipandco.es\/inicio\/wp-json\/wp\/v2\/media?parent=40221"}],"wp:term":[{"taxonomy":"product_brand","embeddable":true,"href":"https:\/\/www.pipandco.es\/inicio\/wp-json\/wp\/v2\/product_brand?post=40221"},{"taxonomy":"product_cat","embeddable":true,"href":"https:\/\/www.pipandco.es\/inicio\/wp-json\/wp\/v2\/product_cat?post=40221"},{"taxonomy":"product_tag","embeddable":true,"href":"https:\/\/www.pipandco.es\/inicio\/wp-json\/wp\/v2\/product_tag?post=40221"},{"taxonomy":"giftcard-category","embeddable":true,"href":"https:\/\/www.pipandco.es\/inicio\/wp-json\/wp\/v2\/giftcard-category?post=40221"}],"curies":[{"name":"wp","href":"https:\/\/api.w.org\/{rel}","templated":true}]}}