{"id":41649,"date":"2025-11-27T23:53:15","date_gmt":"2025-11-27T22:53:15","guid":{"rendered":"https:\/\/www.pipandco.es\/inicio\/?post_type=product&#038;p=41649"},"modified":"2026-01-22T14:42:40","modified_gmt":"2026-01-22T13:42:40","slug":"chaqueta-casilda-azul-preventa-envio-17-22-dic","status":"publish","type":"product","link":"https:\/\/www.pipandco.es\/inicio\/producto\/chaqueta-casilda-azul-preventa-envio-17-22-dic","title":{"rendered":"Chaqueta Casilda Azul (preventa env\u00edo 29 Enero\/4 Febrero)"},"content":{"rendered":"","protected":false},"excerpt":{"rendered":"<p><strong>Producto en preventa<\/strong> (abierta hasta alcanzar el n\u00famero m\u00e1ximo de pedidos)<\/p>\n<p>Fecha de env\u00edo aproximada 29 Enero\/4 Febrero.<\/p>\n<p>Preventa sujeta a condiciones de venta especiales:<\/p>\n<p><span style=\"color: #ff0000;\">Las devoluciones de los art\u00edculos de esta preventa se abonar\u00e1n exclusivamente mediante vale de compra ( sin caducidad y v\u00e1lido para la compra de cualquier art\u00edculo de web)<\/span><\/p>\n<p>Chaqueta corta 100% lana Shetland azul. \u00a0Corte recto, cuello redondo , hombro encajado, botones met\u00e1licos plata . Bolsillos de ojal con presilla y bot\u00f3n.<\/p>\n<p>Composici\u00f3n :\u00a0 100% Lana<\/p>\n<p>Forro: Viscosa\/Acetato<\/p>\n<p>Esta prenda talla normal, en caso de duda entre dos tallas, aconsejamos la mayor. En fotos talla XS justita(1.64m, 55Kg, 88cm contorno de pecho).<\/p>\n<p>Talla XS(34-36) aconsejada par contorno aprox.de 85-88cm , talla S (36-38) aconsejada para contorno aprox.90cm, talla M(38-40) aconsejada para contorno aprox. 95cm, talla L(40-42) aconsejada para contorno aprox.100 cm, talla XL (42-44) para contorno aprox. 105cm.<\/p>\n<p>&nbsp;<\/p>\n","protected":false},"featured_media":42206,"comment_status":"open","ping_status":"closed","template":"","meta":{"_themeisle_gutenberg_block_has_review":false},"product_brand":[],"product_cat":[225],"product_tag":[],"giftcard-category":[],"class_list":{"0":"post-41649","1":"product","2":"type-product","3":"status-publish","4":"has-post-thumbnail","6":"product_cat-abrigos","8":"first","9":"instock","10":"taxable","11":"shipping-taxable","12":"purchasable","13":"product-type-variable"},"_links":{"self":[{"href":"https:\/\/www.pipandco.es\/inicio\/wp-json\/wp\/v2\/product\/41649","targetHints":{"allow":["GET"]}}],"collection":[{"href":"https:\/\/www.pipandco.es\/inicio\/wp-json\/wp\/v2\/product"}],"about":[{"href":"https:\/\/www.pipandco.es\/inicio\/wp-json\/wp\/v2\/types\/product"}],"replies":[{"embeddable":true,"href":"https:\/\/www.pipandco.es\/inicio\/wp-json\/wp\/v2\/comments?post=41649"}],"version-history":[{"count":4,"href":"https:\/\/www.pipandco.es\/inicio\/wp-json\/wp\/v2\/product\/41649\/revisions"}],"predecessor-version":[{"id":41729,"href":"https:\/\/www.pipandco.es\/inicio\/wp-json\/wp\/v2\/product\/41649\/revisions\/41729"}],"wp:featuredmedia":[{"embeddable":true,"href":"https:\/\/www.pipandco.es\/inicio\/wp-json\/wp\/v2\/media\/42206"}],"wp:attachment":[{"href":"https:\/\/www.pipandco.es\/inicio\/wp-json\/wp\/v2\/media?parent=41649"}],"wp:term":[{"taxonomy":"product_brand","embeddable":true,"href":"https:\/\/www.pipandco.es\/inicio\/wp-json\/wp\/v2\/product_brand?post=41649"},{"taxonomy":"product_cat","embeddable":true,"href":"https:\/\/www.pipandco.es\/inicio\/wp-json\/wp\/v2\/product_cat?post=41649"},{"taxonomy":"product_tag","embeddable":true,"href":"https:\/\/www.pipandco.es\/inicio\/wp-json\/wp\/v2\/product_tag?post=41649"},{"taxonomy":"giftcard-category","embeddable":true,"href":"https:\/\/www.pipandco.es\/inicio\/wp-json\/wp\/v2\/giftcard-category?post=41649"}],"curies":[{"name":"wp","href":"https:\/\/api.w.org\/{rel}","templated":true}]}}