{"id":44131,"date":"2026-05-01T22:38:20","date_gmt":"2026-05-01T21:38:20","guid":{"rendered":"https:\/\/www.pipandco.es\/inicio\/?post_type=product&#038;p=44131"},"modified":"2026-05-13T10:38:20","modified_gmt":"2026-05-13T09:38:20","slug":"falda-hilaria-preventa-con-envio-29-mayo-4-junio","status":"publish","type":"product","link":"https:\/\/www.pipandco.es\/inicio\/producto\/falda-hilaria-preventa-con-envio-29-mayo-4-junio","title":{"rendered":"Falda Hilaria (preventa con env\u00edo 29 Mayo-4 Junio)"},"content":{"rendered":"","protected":false},"excerpt":{"rendered":"<p class=\"p1\"><strong><span class=\"s1\">Producto en preventa<\/span><\/strong><span class=\"s2\"> (abierta hasta alcanzar volumen m\u00e1ximo de pedidos)<\/span><\/p>\n<p class=\"p1\"><span class=\"s2\">Fecha de env\u00edo aproximada 29 mayo &#8211; 4 junio<\/span><\/p>\n<p class=\"p1\"><span class=\"s2\">Preventa sujeta a condiciones de venta especiales<\/span><span class=\"s1\">:<\/span><\/p>\n<p class=\"p1\"><span class=\"s1\" style=\"color: #ff0000;\">Las devoluciones de los art\u00edculos en preventa se abonan mediante vale de compra sin caducidad y v\u00e1lido para cualquier art\u00edculo de web.<\/span><\/p>\n<hr \/>\n<p>Falda larga blanco natural con motivos bordados en rosa y azul\u00f3n .Corte ligeramente trapecio, cremallera invisible lateral . Pinzas debajo cinturilla en espalda.Forro interior blanco roto.<\/p>\n<p>Talla normal, aconsejamos talla habitual en nuestras faldas y pantalones (tabla de medidas en \u00faltima foto de producto, en fotos talla 36)<\/p>\n<p>Composici\u00f3n: 100% Algod\u00f3n<\/p>\n<p>Forro interior: 100% Algod\u00f3n<\/p>\n<p>Disponible talla 34 a 44<\/p>\n<p>&nbsp;<\/p>\n<p>&nbsp;<\/p>\n","protected":false},"featured_media":44144,"comment_status":"open","ping_status":"closed","template":"","meta":{"_themeisle_gutenberg_block_has_review":false},"product_brand":[],"product_cat":[210,236],"product_tag":[],"giftcard-category":[],"class_list":{"0":"post-44131","1":"product","2":"type-product","3":"status-publish","4":"has-post-thumbnail","6":"product_cat-mum","7":"product_cat-vestidos","9":"first","10":"instock","11":"taxable","12":"shipping-taxable","13":"purchasable","14":"product-type-variable"},"_links":{"self":[{"href":"https:\/\/www.pipandco.es\/inicio\/wp-json\/wp\/v2\/product\/44131","targetHints":{"allow":["GET"]}}],"collection":[{"href":"https:\/\/www.pipandco.es\/inicio\/wp-json\/wp\/v2\/product"}],"about":[{"href":"https:\/\/www.pipandco.es\/inicio\/wp-json\/wp\/v2\/types\/product"}],"replies":[{"embeddable":true,"href":"https:\/\/www.pipandco.es\/inicio\/wp-json\/wp\/v2\/comments?post=44131"}],"version-history":[{"count":3,"href":"https:\/\/www.pipandco.es\/inicio\/wp-json\/wp\/v2\/product\/44131\/revisions"}],"predecessor-version":[{"id":44147,"href":"https:\/\/www.pipandco.es\/inicio\/wp-json\/wp\/v2\/product\/44131\/revisions\/44147"}],"wp:featuredmedia":[{"embeddable":true,"href":"https:\/\/www.pipandco.es\/inicio\/wp-json\/wp\/v2\/media\/44144"}],"wp:attachment":[{"href":"https:\/\/www.pipandco.es\/inicio\/wp-json\/wp\/v2\/media?parent=44131"}],"wp:term":[{"taxonomy":"product_brand","embeddable":true,"href":"https:\/\/www.pipandco.es\/inicio\/wp-json\/wp\/v2\/product_brand?post=44131"},{"taxonomy":"product_cat","embeddable":true,"href":"https:\/\/www.pipandco.es\/inicio\/wp-json\/wp\/v2\/product_cat?post=44131"},{"taxonomy":"product_tag","embeddable":true,"href":"https:\/\/www.pipandco.es\/inicio\/wp-json\/wp\/v2\/product_tag?post=44131"},{"taxonomy":"giftcard-category","embeddable":true,"href":"https:\/\/www.pipandco.es\/inicio\/wp-json\/wp\/v2\/giftcard-category?post=44131"}],"curies":[{"name":"wp","href":"https:\/\/api.w.org\/{rel}","templated":true}]}}